remainder when 355 is divided by 87?
7
What is the remainder when 901 is divided by 82?
81
What is the remainder when 1443 is divided by 28?
15
What is the remainder when 23 is divided by 12?
11
What is the remainder when 224 is divided by 60?
44
Calculate the remainder when 1034 is divided by 15.
14
What is the remainder when 228 is divided by 107?
14
What is the remainder when 74 is divided by 19?
17
What is the remainder when 1714 is divided by 11?
9
What is the remainder when 1831 is divided by 108?
103
What is the remainder when 124 is divided by 54?
16
What is the remainder when 157 is divided by 54?
49
Calculate the remainder when 9759 is divided by 20.
19
What is the remainder when 5454 is divided by 22?
20
Calculate the remainder when 622 is divided by 30.
22
Calculate the remainder when 125 is divided by 48.
29
What is the remainder when 40 is divided by 6?
4
What is the remainder when 672 is divided by 93?
21
Calculate the remainder when 401 is divided by 187.
27
Calculate the remainder when 190 is divided by 8.
6
What is the remainder when 447 is divided by 248?
199
What is the remainder when 493 is divided by 55?
53
What is the remainder when 729 is divided by 13?
1
What is the remainder when 466 is divided by 9?
7
Calculate the remainder when 130 is divided by 19.
16
What is the remainder when 3784 is divided by 10?
4
Calculate the remainder when 34 is divided by 13.
8
Calculate the remainder when 481 is divided by 4.
1
What is the remainder when 129 is divided by 37?
18
Calculate the remainder when 246 is divided by 62.
60
Calculate the remainder when 11311 is divided by 155.
151
What is the remainder when 402 is divided by 31?
30
Calculate the remainder when 1779 is divided by 8.
3
What is the remainder when 9247 is divided by 272?
271
What is the remainder when 40 is divided by 25?
15
What is the remainder when 1769 is divided by 10?
9
What is the remainder when 3789 is divided by 31?
7
Calculate the remainder when 75 is divided by 39.
36
Calculate the remainder when 39 is divided by 13.
0
Calculate the remainder when 308 is divided by 31.
29
Calculate the remainder when 237 is divided by 81.
75
What is the remainder when 1876 is divided by 20?
16
What is the remainder when 2239 is divided by 16?
15
What is the remainder when 1502 is divided by 32?
30
What is the remainder when 529 is divided by 19?
16
What is the remainder when 4772 is divided by 793?
14
Calculate the remainder when 2800 is divided by 13.
5
What is the remainder when 76 is divided by 13?
11
What is the remainder when 367 is divided by 53?
49
What is the remainder when 336 is divided by 17?
13
Calculate the remainder when 179 is divided by 12.
11
What is the remainder when 823 is divided by 33?
31
What is the remainder when 121 is divided by 25?
21
Calculate the remainder when 3434 is divided by 229.
228
Calculate the remainder when 8871 is divided by 17.
14
What is the remainder when 217 is divided by 70?
7
Calculate the remainder when 595 is divided by 583.
12
Calculate the remainder when 138 is divided by 26.
8
What is the remainder when 59 is divided by 33?
26
What is the remainder when 209 is divided by 51?
5
Calculate the remainder when 117 is divided by 12.
9
What is the remainder when 958 is divided by 64?
62
Calculate the remainder when 197 is divided by 69.
59
What is the remainder when 74 is divided by 38?
36
What is the remainder when 10365 is divided by 71?
70
Calculate the remainder when 321 is divided by 48.
33
What is the remainder when 5659 is divided by 10?
9
Calculate the remainder when 410 is divided by 56.
18
Calculate the remainder when 477 is divided by 24.
21
What is the remainder when 344 is divided by 109?
17
What is the remainder when 3373 is divided by 1104?
61
What is the remainder when 1004 is divided by 144?
140
Calculate the remainder when 290 is divided by 99.
92
What is the remainder when 72 is divided by 21?
9
What is the remainder when 202 is divided by 6?
4
Calculate the remainder when 12 is divided by 3.
0
What is the remainder when 208 is divided by 6?
4
What is the remainder when 344 is divided by 22?
14
What is the remainder when 206 is divided by 94?
18
What is the remainder when 191 is divided by 39?
35
Calculate the remainder when 20 is divided by 13.
7
What is the remainder when 76 is divided by 6?
4
What is the remainder when 457 is divided by 51?
49
What is the remainder when 213 is divided by 56?
45
What is the remainder when 19405 is divided by 31?
30
What is the remainder when 6161 is divided by 343?
330
What is the remainder when 490 is divided by 72?
58
What is the remainder when 78 is divided by 12?
6
Calculate the remainder when 378 is divided by 206.
172
What is the remainder when 306 is divided by 81?
63
Calculate the remainder when 2688 is divided by 117.
114
Calculate the remainder when 825 is divided by 118.
117
What is the remainder when 401 is divided by 31?
29
What is the remainder when 896 is divided by 44?
16
What is the remainder when 130 is divided by 31?
6
What is the remainder when 535 is divided by 22?
7
Calculate the remainder when 3588 is divided by 511.
11
Calculate the remainder when 1336 is divided by 1314.
22
What is the remainder when 81 is divided by 17?
13
What is the remainder when 272 is divided by 12?
8
Calculate the remainder when 179 is divided by 37.
31
What is the remainder when 137 is divided by 16?
9
Calculate the remainder when 2657 is divided by 266.
263
What is the remainder when 381 is divided by 55?
51
What is the remainder when 867 is divided by 177?
159
What is the remainder when 50 is divided by 27?
23
Calculate the remainder when 115 is divided by 41.
33
What is the remainder when 231 is divided by 13?
10
Calculate the remainder when 853 is divided by 108.
97
What is the remainder when 29 is divided by 8?
5
Calculate the remainder when 530 is divided by 520.
10
Calculate the remainder when 52 is divided by 42.
10
Calculate the remainder when 8691 is divided by 53.
52
What is the remainder when 341 is divided by 43?
40
Calculate the remainder when 1075 is divided by 57.
49
What is the remainder when 811 is divided by 91?
83
Calculate the remainder when 943 is divided by 158.
153
Calculate the remainder when 209 is divided by 73.
63
What is the remainder when 441 is divided by 93?
69
Calculate the remainder when 105 is divided by 35.
0
Calculate the remainder when 1128 is divided by 126.
120
What is the remainder when 412 is divided by 94?
36
What is the remainder when 154 is divided by 52?
50
What is the remainder when 14679 is divided by 2446?
3
Calculate the remainder when 745 is divided by 132.
85
Calculate the remainder when 90 is divided by 17.
5
Calculate the remainder when 85 is divided by 8.
5
What is the remainder when 152 is divided by 106?
46
What is the remainder when 591 is divided by 33?
30
What is the remainder when 802 is divided by 292?
218
Calculate the remainder when 159 is divided by 33.
27
What is the remainder when 5268 is divided by 10?
8
Calculate the remainder when 252 is divided by 24.
12
Calculate the remainder when 29 is divided by 1.
0
Calculate the remainder when 177 is divided by 169.
8
What is the remainder when 174 is divided by 1?
0
Calculate the remainder when 313 is divided by 16.
9
Calculate the remainder when 20892 is divided by 15.
12
Calculate the remainder when 151 is divided by 26.
21
What is the remainder when 1 is divided by 1?
0
Calculate the remainder when 303 is divided by 6.
3
Calculate the remainder when 6 is divided by 2.
0
Calculate the remainder when 991 is divided by 191.
36
What is the remainder when 440 is divided by 28?
20
Calculate the remainder when 490 is divided by 9.
4
What is the remainder when 4337 is divided by 124?
121
What is the remainder when 267 is divided by 18?
15
Calculate the remainder when 1239 is divided by 20.
19
Calculate the remainder when 1504 is divided by 29.
25
What is the remainder when 112 is divided by 5?
2
Calculate the remainder when 280 is divided by 57.
52
Calculate the remainder when 1601 is divided by 12.
5
What is the remainder when 3222 is divided by 5?
2
Calculate the remainder when 670 is divided by 97.
88
Calculate the remainder when 3223 is divided by 62.
61
What is 